inder when a is divided by c(-3)?
5
Let m(s) = s**2 + 18*s + 4. Let b be -2 - -1 - -5 - (2 + -4). Let n be 3/6 + (-111)/b. What is the remainder when 4 is divided by m(n)?
0
What is the remainder when ((-421980)/105)/(-26) + 8/(-14) is divided by 3?
1
Let r be (0 - 2 - -5)/((-3)/(-189)). Let x = r - 165. What is the remainder when x is divided by 13?
11
Suppose -20*u - 1708 + 74 = -63*u. Calculate the remainder when 105 is divided by u.
29
Suppose 8*p - 89 - 103 = 0. Suppose 2*c - 5*k - 1532 = 0, 3*c = 5*c - 4*k - 1534. What is the remainder when (1/(-6))/(-1) + c/18 is divided by p?
19
Suppose 20*z + 555 = 918 + 897. Calculate the remainder when z is divided by 40.
23
Let v = 40 + -10. Suppose -7*l + 5 + v = 0. Let q = -44 + 72. Calculate the remainder when q is divided by l.
3
Let d = 267 - 271. What is the remainder when 10 is divided by d - (-1 - (-5)/(-1))?
0
Suppose 22*q - 18091 - 4573 = -4008. What is the remainder when q is divided by 42?
8
Let m(s) = -122*s + 2994. Calculate the remainder when m(10) is divided by 7.
3
Suppose -65 + 260 = 13*y. Suppose -y*j - 11 = -16*j. What is the remainder when j is divided by 10?
1
Let u be ((-6)/4)/((-120)/400). Calculate the remainder when -2*(36*-5)/u is divided by 37.
35
Suppose 0 = -n + 5*n - 60. Let c(k) = 376*k - 43905. What is the remainder when c(117) is divided by n?
12
Let i be (5 + -2)*166/9*3. Suppose 162*h - i*h = -24. Calculate the remainder when 28 is divided by h.
4
Suppose 11*i - 13*i = -10. Suppose -31 = -2*b + 57. Suppose c - 4*o = 4*c - 88, -c + b = i*o. What is the remainder when c is divided by 9?
6
Let s = 753 + 3927. Suppose -37*r + s = -7*r. Let t(m) = 11*m**2 - 2*m. What is the remainder when r is divided by t(2)?
36
Let g(o) be the first derivative of -o**4/4 + 5*o**3/3 + 5*o**2/2 + o - 1. What is the remainder when g(5) is divided by 212/28 + 12/(-21)?
5
Let u = 417 - 270. Suppose 3*m = b + 31 - u, 0 = -4*b - 4*m + 400. Let x(i) = 3*i**2 - 3*i - 3. What is the remainder when b is divided by x(3)?
14
Suppose -4870 = -21*k + 3761. Let y = k + -390. What is the remainder when 123 is divided by y?
18
Let o(h) = 7*h + 42. Let y be o(-8). What is the remainder when (-380)/(-12) - y/(-21) is divided by 18?
13
Suppose -26*p = -40*p + 294. Let y(t) = t**2 - 2*t + 44. What is the remainder when y(11) is divided by p?
17
Let s(o) = -4*o**2 + 125*o + 88. Calculate the remainder when 596 is divided by s(31).
1
Let n = 7880 - 7590. Calculate the remainder when 593 is divided by n.
13
What is the remainder when 14/((-140)/(-1065))*((-4 - -4) + 2) is divided by 46?
29
Let g(s) = -6*s**2 + s + 37. Let u(p) = 7*p**2 - 38. Let i(z) = -5*g(z) - 4*u(z). What is the remainder when 111 is divided by i(-4)?
16
Let n(j) = j**2 - 3*j - 1. Let v be n(5). Let k(u) = u + 9. What is the remainder when 83 is divided by k(v)?
11
Let m(n) = -n**3 + 12*n**2 + 9*n + 5. What is the remainder when m(12) is divided by 79/4 - 48/64?
18
Let c = -1530 + 1545. Calculate the remainder when 1737 is divided by c.
12
Suppose -3*d - 3*x = -174, x + 305 = 5*d - 3. Suppose -3*u = 2*l - 104 + 23, -2*u + l + d = 0. What is the remainder when u is divided by 10?
9
Suppose -4*q = -0*q - 25*q + 756. Calculate the remainder when 595 is divided by q.
19
Let g be 43/5 + 6/15. Suppose -37*l + 2380 = -g*l. What is the remainder when l is divided by 24?
13
Suppose -17 = -2*o + 3*b - 2*b, 5*o + 2*b = 38. Let j(q) = -2 - 7 - 9 + 12 - 5*q. What is the remainder when j(-9) is divided by o?
7
Let p(d) = -12 + 20 - 10 + 2*d. Let f be p(8). Suppose -f*n + 8*n = -216. What is the remainder when 215 is divided by n?
35
Suppose -166*t = 457 - 230 - 3381. What is the remainder when 3152 is divided by t?
17
Let m(q) = -q**2 - 15*q + 39. Let i be 9/(-7) - 2/(-7). Let n be (138/9)/i + 6/(-9). What is the remainder when m(n) is divided by 12?
11
Suppose -51 = 2*t - 205. Let h(i) = -24*i + 232. What is the remainder when t is divided by h(9)?
13
Suppose 364*u - 39376 = 272*u. What is the remainder when u is divided by 77?
43
Let b(v) = -40*v + 219. Let n(s) = s**3 + 12*s**2 + 19*s - 5. Let k be n(-10). Let i = 64 - 33. What is the remainder when i is divided by b(k)?
12
Suppose 0 = 3*u + 33 - 63. Suppose u*j - 32 = 8*j. What is the remainder when 126 is divided by j?
14
Suppose -224*p + 49 = -223*p. Suppose -2*d + d - 5*w = -p, 3*d = -w + 119. What is the remainder when 67 is divided by d?
28
Let d = 2695 - 1608. Calculate the remainder when d is divided by 11.
9
Let l(v) = -130*v - 913. Let k(y) = 26*y + 183. Let j(q) = 11*k(q) + 2*l(q). Calculate the remainder when j(-6) is divided by 17.
14
Let k(d) = d**2 - 18*d + 36. Let m be k(17). Let r(v) = 2*v - 4. What is the remainder when 69 is divided by r(m)?
1
Let g(s) = 72*s + 2979. Calculate the remainder when 1423 is divided by g(-41).
19
Let x = 2831 + -1937. What is the remainder when x is divided by 128?
126
Let u(y) = 28 - y + 3*y + 0*y + 2. Let w be u(-14). Let l(b) = 2*b**2 - 7*b + 9. Calculate the remainder when 9 is divided by l(w).
0
Let a(s) = s**3 - 34*s**2 + 192*s - 1196. What is the remainder when 3669 is divided by a(29)?
162
Let q(h) = -h**3 - 2*h**2 + h + 1. Let c be q(-2). Let l(z) = -2*z**3 - 2*z**2 + 6*z - 70. What is the remainder when l(-5) is divided by (-15 - -2)/(c/2)?
22
Let x be 0/8*(5 + -4). Suppose 17*z + 9*z - 1924 = x. Calculate the remainder when 110 is divided by z.
36
Let x = -855 + 1150. What is the remainder when x is divided by 168?
127
Let y = 451 + -772. Let d = y + 334. What is the remainder when 103 is divided by d?
12
Let s be ((-2)/(-3))/((-216)/2268). Let c(m) = -6*m**2 - m - 3. Let f be c(3). What is the remainder when 47 is divided by (f/42)/(1/s)?
7
Suppose 0 = -2*m + 73 + 83 - 26. Calculate the remainder when m is divided by 37.
28
Suppose -15*r = -14*r - 115. Let j = r - 72. Suppose 2*p - j = -9. Calculate the remainder when 49 is divided by p.
15
Suppose -2*b + 4*c = -442, -2*c - 2*c = 4*b - 896. Suppose 16*d = b + 113. Calculate the remainder when 80 is divided by d.
17
Suppose 65*m - 2929 - 2466 = 0. Calculate the remainder when 382 is divided by m.
50
Let d = -18 + 27. Let v(m) = -17*m - 99. Let k(a) = 10*a - 66. Let o be k(6). What is the remainder when d is divided by v(o)?
0
Let k = -335 + 388. Suppose 40 = 63*j - k*j. Calculate the remainder when 17 is divided by j.
1
Let v = 48 + -51. Suppose -3 - 9 = -3*a. What is the remainder when 96 is divided by 1*((v - -32) + a)?
30
Let k be 41/10 + 11/(-110). Suppose -29 = -5*p + k*t, 2*p - 10*t + 5*t = -2. Calculate the remainder when 150 is divided by p.
6
Let f(q) = -17*q**3 + 4*q**2 + q - 2. Let r(u) = 4*u**2 + 43*u - 12. Let y be r(-11). Calculate the remainder when f(y) is divided by 3.
0
Let w(v) be the first derivative of v**2 - 2*v - 16. What is the remainder when 60 is divided by w(17)?
28
Let b(k) = 2*k**3 + 3*k**2 - 19*k - 7. Let l be b(3). Let g(p) = 2*p**2 - 34*p + 17. What is the remainder when 38 is divided by g(l)?
4
Let n(g) = g**3 + 17*g**2 - 12*g - 44. What is the remainder when n(-9) is divided by 235?
7
Suppose -6 = -2*w, 0 = -3*l - 2*l - 2*w - 954. Let z = l + 405. What is the remainder when z is divided by 43?
41
Let l be 1 - 3 - -8 - 2. Suppose -305 = r + 5*h, 4*r + 1156 = -0*r - l*h. Let x = -135 - r. What is the remainder when x is divided by 38?
36
Suppose s + 5*y = 239, -6*s + 2*s - 4*y = -876. Suppose 2*k - 3*w - 35 = 0, 3*w = -4*k + 181 - 120. Calculate the remainder when s is divided by k.
6
Let d(v) = 1. Let i(t) = 30*t + 213. Let g(a) = 6*d(a) + i(a). Calculate the remainder when 74 is divided by g(-6).
35
Suppose 15 = 2*f - 2*w - 9, 48 = 4*f + 2*w. Let o = -471 + 604. Suppose -132*d - 12 = -o*d. What is the remainder when f is divided by d?
0
Let s = -348378 + 348389. Suppose -1 = -2*g + g. What is the remainder when 85 + (-2)/2*g is divided by s?
7
Suppose 7*s + 137 = 473. What is the remainder when ((252/24)/(18/8))/(11/561) is divided by s?
46
Suppose -3*w - 32 = p, 4*w + 40 = -3*p - p. What is the remainder when 16 is divided by -4 + w/(33/(-48))?
4
Suppose 4*s = -116 + 108. Let y = 30 + -9. Calculate the remainder when y is divided by s/(-10)*10 + 11/1.
8
Suppose 5*h - 5 = 2*d, -h + 3*d - 30 = -6*h. Suppose h*w - w = -42. Calculate the remainder when 77